d**4 - 1/6*d**3 - 3/2*d**2. What are the prime factors of y(-6)?
3, 13
Let q(u) = -3882*u + 2009. List the prime factors of q(-3).
5, 2731
List the prime factors of 6/(-2) + 1929/(-7 + 1916/272).
43721
Let i = -65 - -67. Suppose 0 = -0*n + i*n - 288. Suppose -7*x + 142 = -6*x - 2*k, -3*k - n = -x. What are the prime factors of x?
2, 3, 23
Suppose -431324 = -27*s - 52244. What are the prime factors of s?
2, 3, 5, 13
Let m be 9*3/9 - -26. Suppose -o - 81 - m = 0. Let c = o - -143. List the prime factors of c.
3, 11
Let z be (-1 - 2)/(-3)*-292. Let u = 549 + z. Let r = u - 154. What are the prime factors of r?
103
Suppose -7*m + 13 = -1. Suppose 0 = 3*h + 2*u + 2*u + 133, m*h = 3*u - 83. Let g = h - -157. What are the prime factors of g?
2, 3, 19
Suppose -3*o + 35052 = 4*t, -346*o + 4*t - 58404 = -351*o. List the prime factors of o.
2, 3, 7, 139
Let r = 188 + -81. Suppose 104*a + 684 = r*a. What are the prime factors of a?
2, 3, 19
List the prime factors of 22920/(-9)*((-33 - -28) + 5/(-2)).
2, 5, 191
Suppose 16*l + 145686 - 1010422 = 0. What are the prime factors of l?
2, 61, 443
Suppose 1439 = -2*b - 2559. Let a = -1100 - b. List the prime factors of a.
29, 31
Let c be 201/39 - 6/39. Suppose -5*g + 2*k = -949, c*g - 946 = k + 2*k. List the prime factors of g.
191
Suppose 126657 - 23686 = 121*x. What are the prime factors of x?
23, 37
List the prime factors of (-24386505)/(-845) - (1 + 48/(-39)).
2, 3, 5, 13, 37
Suppose 12956 + 23422 = 5*a - 2*n, -4*n - 16 = 0. What are the prime factors of a?
2, 3637
Let s = -69 - -85. Suppose s*h - 3682 + 1058 = 0. Suppose -2*q + 7*r = 2*r - 343, 0 = -q - 5*r + h. What are the prime factors of q?
13
Let i be 5 - (-6 + 11 - 0). Suppose -f + 166 = -i*f - w, 2*f + 4*w - 320 = 0. List the prime factors of f.
2, 41
Let f(a) = 2*a**2 - 10*a - 9. Let r be f(10). Suppose -6*j - r = -13*j. Let t(v) = 6*v + 14. What are the prime factors of t(j)?
2, 23
Let w = -74633 + 138933. List the prime factors of w.
2, 5, 643
Suppose 3*i - 15033 = 26*d - 27*d, -5*i = 4*d - 60174. List the prime factors of d.
3, 29, 173
Let a be (2 + 48)*(-1)/2 + 0. Let v be 32/(5/a + 6/5). Suppose -v = -10*h + 118. List the prime factors of h.
3, 5
Let b(u) = -8 - 11*u**3 + 8*u**3 + 4*u**3 + 29*u + 17*u**2. Let z be b(-15). Let q(n) = n**3 - 5*n**2 - 5*n + 9. List the prime factors of q(z).
2, 3
Let k = 3221 + -2254. List the prime factors of k.
967
Let i(q) = -1338*q + 2089. What are the prime factors of i(-4)?
7, 1063
Suppose -4*u = -26 - 74. What are the prime factors of 184*((-3)/(-15) - (-45)/u)?
2, 23
Let y(h) = 4*h**2 + 163*h - 4418. List the prime factors of y(63).
21727
Suppose -6*m = w - 5*m + 18, -2*w - 3*m = 32. Let a = 51 + w. What are the prime factors of a?
29
Let y be -3*(4 + (-2 - 3)) - -1. Suppose 0 = y*j - 271 - 633. What are the prime factors of j?
2, 113
Suppose 5*k + 19 + 16 = 0. What are the prime factors of 3/1 - (-424)/(k - -15)?
2, 7
Suppose -3*b = k + b - 47, 4*k + b = 128. What are the prime factors of 0 + k + 2 + -8 + 10?
5, 7
Let o be (-88)/(-6)*1683/(-34). Let h be o/(-8) - 2/(-8). Suppose 17*x = 16*x + h. What are the prime factors of x?
7, 13
Suppose v - 1016 = -3*h, h + 664 = 3*h + 4*v. Let r = -26 + h. List the prime factors of r.
2, 157
Let a = 405 - 354. Suppose 1 + 4 = z. Suppose c + a = f, -z*c + 159 = 9*f - 5*f. List the prime factors of f.
2, 23
Let y = -3598 + 7011. Suppose y = 3*r + 4*n, -5*n - 1 = -26. What are the prime factors of r?
3, 13, 29
Suppose -11*y + 222102 + 344167 = 0. What are the prime factors of y?
51479
Let q(t) = -54*t - 3. Let d(c) = c**2 - 5*c + 4 - 3*c**3 + c**3 + c**3 + 3*c**2. Let s be d(3). List the prime factors of q(s).
3, 5, 7
Let m(b) = -12*b**3 + 8*b**2 + 19*b + 89. What are the prime factors of m(-12)?
7, 13, 239
Let u(z) = -3*z - 48. Let d be u(-25). What are the prime factors of d/36*(-20)/6*-74?
5, 37
Let p(l) = 15*l**2 - 5*l + 7. Let q be p(-4). Suppose 0 = m - 5*n - 253, 2*n - q = -5*m + 4*m. List the prime factors of m.
263
Let u(m) be the first derivative of 321*m**3 - 5*m**2/2 - 4*m + 7. What are the prime factors of u(-1)?
2, 241
Let x(n) = 17*n**2 + 5*n. Let l be (3/(-4))/((-3)/16). Suppose b + p + 18 = l*p, p = b + 8. List the prime factors of x(b).
2, 3, 23
Let n(p) = 62*p**2 - 131*p + 1535. List the prime factors of n(24).
67, 509
Suppose -1226*q = -1219*q - 313369. List the prime factors of q.
89, 503
Suppose -2*x - 5 = 3*x. List the prime factors of (66/9)/(0 + x/(-18)).
2, 3, 11
Let l = 57366 - 39920. What are the prime factors of l?
2, 11, 13, 61
Let h = -6511 - -10955. Suppose -3046 - h = -10*v. List the prime factors of v.
7, 107
Suppose -j - 3*l = 24, 2*l = 2*j - 0*l + 64. Let o = j + 32. Suppose 5*q + 136 = v + 2*q, 264 = 2*v + o*q. List the prime factors of v.
7, 19
Let c(x) = 4056*x - 7060. What are the prime factors of c(10)?
2, 5, 67
Let c = -90 + 90. Suppose 7*a - 5*a - 4*p - 176 = 0, -3*p + 6 = c. What are the prime factors of a?
2, 23
Suppose 24 = -11*o + 14*o. Let r(x) = 6*x**2 + 3*x - 6. Let k be r(o). Suppose 5*g - 30 = 2*t + k, -3*g - 3*t = -255. What are the prime factors of g?
2, 43
Let x = -81481 + 146541. List the prime factors of x.
2, 5, 3253
Let z be 10 + -3 + -4 - 3 - -2. What are the prime factors of (5/2 - z)*1166/11?
53
Let a(i) = -49*i - 39. Let u(m) = 24*m + 20. Let j(t) = 3*a(t) + 7*u(t). Let n be j(6). Let q = n - 21. What are the prime factors of q?
2
Let o(r) = r**3 + 18*r**2 + 2*r - 33. Let u be o(-17). Suppose -5*x - 3*t + 96 = -3*x, -3*t + u = 5*x. What are the prime factors of x?
2, 3, 7
Let p(z) = 12*z**2 - 7*z + 3. Let j be p(1). Let x = j + 270. What are the prime factors of x?
2, 139
Let l(w) = 8*w**2. Let m be l(1). Suppose 8*o + m = 24. Suppose -o*b = -t - 3*b + 93, -b + 481 = 5*t. What are the prime factors of t?
97
What are the prime factors of (-147)/(-588) + (-5479)/(-4) + -2?
2, 3, 19
Suppose -148464 = -5*q + r, 74472 = 5*q - 4*r - 74004. List the prime factors of q.
2, 13, 571
Let b = 35 + -42. Let l(q) = -20*q**3 + 19*q**2 - 19*q + 2. Let k(z) = -7*z**3 + 6*z**2 - 6*z + 1. Let n(x) = b*k(x) + 2*l(x). List the prime factors of n(2).
61
List the prime factors of (3 - -493)/(-2 + (-287)/(-140)).
2, 5, 31
Suppose 8*j = 7*j. Suppose 11*z - 2*z - 36 = j. Suppose 2 = 3*t + 5*a - 3, -2*t = -z*a - 40. List the prime factors of t.
2, 5
Suppose 5*u - 19069 = 26686 + 6745. What are the prime factors of u?
2, 3, 5, 7
Let n = -68 + 178. Let p(l) = 3*l**2 - 2 + n*l - 111*l + l**2 - 2*l**2 - 123*l**3. List the prime factors of p(-1).
2, 31
Let g be (-11)/(99/78651)*-1. Suppose -9*b + g = -3006. List the prime factors of b.
3, 5, 29
Suppose -4*s + 3*c + 1400 = -2*c, -351 = -s + c. Let y = 53 - s. Let k = y - -425. What are the prime factors of k?
3, 41
Let r be 4458/5 - 5/(100/(-8)). Suppose 2*i = -4, -3*j - 2*i = -7*i - r. List the prime factors of (-2 + 0)*j/(-7).
2, 3, 7
List the prime factors of (58/29)/(2/(-9)) + 11168.
11159
Let l be 3/9 + (-50)/(-30). List the prime factors of l/4*(364 - -18).
191
Suppose -5568*u - 465570 = -5586*u. What are the prime factors of u?
5, 7, 739
Let i(d) = 248*d**2 - 23*d - 81. Let a be i(-3). Suppose 10*p - 8460 = a. What are the prime factors of p?
2, 3, 89
Let o(p) = 7*p**2 + p - 1. Let x(i) be the first derivative of i**4/4 - 4*i**3/3 + 3*i**2/2 - 11*i - 8. Let w be x(4). List the prime factors of o(w).
7
List the prime factors of 38*(-548)/(-8) + -8 + 2 + 0.
7, 53
Let u(l) = -l**3 - 18*l**2 + 19*l - 27. Let w be u(-19). Let z = w - -15. List the prime factors of ((-711)/12)/(9/z).
79
Suppose j = -0*j - 1. Let t be 308*j/(-6) - (-4)/6. What are the prime factors of -8*(2*-1 - (-39)/t)?
2, 5
Let i(r) = -r**3 - 3*r + 3. Let f be 15/(-5) + (-10)/(-2) - -7. Let l be 0 + (3/f)/((-2)/24). What are the prime factors of i(l)?
79
Let l be (-3)/(-4) - (-306)/72. Suppose -20 = -4*o, h = -3*h - l*o - 15. Let x = h - -94. What are the prime factors of x?
2, 3, 7
Let o(j) = -22*j + 2. Let p(i) = -i**3 + 12*i**2 - 13*i + 15. Let z be p(11). Let d(w) = 2*w + 12. Let x be d(z). List the prime factors of o(x).
2, 23
Suppose -26*o = 43 + 35. List the prime factors of 2 + 7/o + (-2810)/(-6).
2, 3, 13
Let r(f) = f**3 - 4*f**2 - 8*f + 11. Let g be r(5). Let k be (2*-4)/(-1 + g + 4). Suppose k*j = j + 245